greatest common factor of c and 72?
24
Suppose 9 = -3*x + 3*b, 5*x + 5 = 2*b + b. Calculate the highest common factor of x and 4.
2
Let c = 200 - 113. Let q = c - 51. Calculate the highest common divisor of 4 and q.
4
Let b be (-2)/4*828/(-9). What is the greatest common factor of b and 69?
23
Let w(v) = 4*v + 12. Let k be w(6). Let h be ((-40)/15)/((-2)/k). Calculate the greatest common factor of 16 and h.
16
Suppose -3*l = -6*c + 2*c - 21, 0 = 2*l + 2*c - 28. Let n be 1*(l + -1) - -2. Suppose 0 = 5*i - 0*i - 480. What is the greatest common factor of n and i?
12
Let j(a) = -9*a - 3. Let v be j(-2). Calculate the greatest common divisor of 45 and v.
15
Let b(p) = 2*p - 5. Let v be b(4). Suppose -o = -v*o + 10. Calculate the highest common factor of o and 2.
1
Suppose -3*r = r + 3*i + 21, 3 = -2*r + i. Let j be 2*(-3)/r - -12. Calculate the highest common factor of j and 21.
7
Let n = 7 + -2. Suppose n*s + 178 = -122. Let y be (3/(-4))/(1/s). What is the greatest common divisor of 15 and y?
15
Suppose y + 5*r = 2, 5*r - 2*r - 18 = -3*y. What is the highest common divisor of 7 and y?
7
Suppose l + 2*l = 36. Let c(p) be the first derivative of -p**3/3 - 7*p**2/2 + 2*p + 1. Let t be c(-5). Calculate the greatest common factor of l and t.
12
Suppose -4*s + 5*d = -2*s - 7, 3 = -s - 4*d. Suppose 4*q = s + 11. Suppose 0*x = -q*x + 24. What is the highest common factor of x and 32?
8
Let u(g) = -3*g**3 - 4*g**2 + g + 3. Let i be u(-3). Calculate the greatest common factor of 18 and i.
9
Let j = 0 + -1. Let a be j/(2/(-436)) - -2. Let h be (6/(-4))/((-30)/a). What is the highest common factor of 77 and h?
11
Suppose -2*b = 2, -3*q + 88 = -0*q - 4*b. Suppose 0*r + 208 = -2*r. Let n = 174 + r. Calculate the greatest common factor of q and n.
14
Suppose 0 = 4*y - 0*y. Let v be 16 + (1 - (-1 - y)). Suppose 0*p = -4*o + 3*p + 168, 3*o - 139 = -p. Calculate the greatest common factor of v and o.
9
Let l be 804/10 - 10/25. Suppose 5*a - 9*a = -l. Calculate the greatest common factor of a and 10.
10
Let v(q) = -q**2 - 7*q. Suppose 6 = -0*z - z. Let a be v(z). Calculate the greatest common divisor of a and 42.
6
Suppose 5*i + 282 = 1052. Suppose 6 = 3*v - 0, r - 4*v = 6. Calculate the greatest common divisor of r and i.
14
Let n be (-1 + 0 + 4)/((-30)/(-1050)). What is the highest common divisor of n and 35?
35
Suppose o + 245 = 5*g - 185, 189 = 2*g + 3*o. Let k = g - 24. What is the greatest common divisor of 9 and k?
9
Let t(p) = -p**3 + 8*p**2 + 2*p + 5. Let i(j) = -j**2 + 10*j - 11. Let m be i(8). Let k be t(m). Calculate the greatest common factor of k and 10.
10
Let r = 15 + 27. Suppose 4*h - 339 = -87. Calculate the highest common factor of r and h.
21
Let r(f) = f**3 - 2. Let d be r(2). Calculate the greatest common factor of d and 48.
6
Let b(a) = 4*a**2 + 2*a + 2. Let d be (1 + 0)/((-4)/(-12)). Let c be b(d). Calculate the highest common divisor of 11 and c.
11
Let i be 229/3 - 1*3/9. Calculate the greatest common factor of 19 and i.
19
Let a = -125 - -152. What is the highest common divisor of 45 and a?
9
Let m be (-2)/4 + 234/(-12). Let j = m + 46. Calculate the highest common divisor of 39 and j.
13
Suppose -b - 1 = -5. Suppose 4 - 1 = c, -b*y - 2*c + 366 = 0. Suppose -26 - 19 = -3*u - 3*x, 0 = u - 2*x. What is the greatest common factor of u and y?
10
Let z(l) = 2*l**2 - 9*l - 5. Let p be z(7). Calculate the greatest common divisor of p and 15.
15
Suppose 8*s = 4*s + 56. What is the highest common divisor of 56 and s?
14
Let d(l) be the third derivative of l**5/60 - 2*l**3/3 + l**2. Let q be d(3). Let o = 4 - -41. Calculate the greatest common factor of q and o.
5
Let n be ((-5)/(-4))/(-5*(-5)/1300). Suppose 117 = -q + 4*q. Suppose q = 2*u + 13. What is the greatest common divisor of u and n?
13
Let m = 142 + -78. Let h be (-497)/(-21) - 1/(-3). Suppose -4*i = -4*z - 72, 4*z = -0*i - 2*i + h. What is the highest common factor of i and m?
16
Let q be (-4)/(-3)*(-135)/(-10). What is the greatest common factor of q and 72?
18
Suppose 0 = -7*s + 3*s. Suppose s = 3*x - 5 - 25. Calculate the highest common divisor of 25 and x.
5
Let m = -7 + 8. Let f be 402/18 - m/3. What is the greatest common factor of 22 and f?
22
Suppose -3*j + 78 = -0*j. Calculate the highest common divisor of 117 and j.
13
Let s(y) = y**3 + 6*y**2 + 5*y + 2. Let z be s(-2). Calculate the greatest common factor of z and 40.
8
Suppose -5*c = 20, 5*j + 0*c = -4*c - 61. Let u be 0*(-1 + j/(-6)). Suppose -5*a + 10 = u, r + a - 308 = -r. What is the highest common divisor of r and 17?
17
Let r be 33/6*-1*-16. Calculate the highest common divisor of 8 and r.
8
Let c = -559 + 790. Suppose 2*z = -z - c. Let u = z - -172. Calculate the highest common factor of 38 and u.
19
Let k(m) = m**2 - 4*m - 7. Let n be k(-5). Calculate the greatest common factor of 19 and n.
19
Let t be ((-26)/6)/(4/(-12)). Calculate the highest common divisor of 13 and t.
13
Let b(i) = -i**2 + 105. Let z be b(0). What is the highest common divisor of 15 and z?
15
Suppose 0 = 4*z + k - 228, 0*z - z + 4*k + 40 = 0. Suppose z = x + x. What is the greatest common factor of x and 4?
4
Let k = 79 - 43. Let g = -3 + 0. Let r = 6 - g. Calculate the greatest common factor of r and k.
9
Let d = -248 + 443. Calculate the highest common factor of d and 39.
39
Let q(c) = -28*c - 5. Let d be q(-5). Suppose -5*j + 5*a + d = 0, a - 78 = -3*j + 3*a. Calculate the greatest common divisor of 8 and j.
8
Let f be (-3 - -3) + 2 - -25. Calculate the highest common divisor of 18 and f.
9
Let g be ((-5)/(-3))/(1/15). What is the greatest common factor of g and 125?
25
Let w(h) = 2*h**2 - 11*h - 2. Let a be w(6). Let j = 41 + -25. What is the greatest common factor of j and a?
4
Suppose -2*t - 4*q - 26 = 0, -5*t + 3*q - 26 = -0*q. Let y = t + 11. Calculate the highest common factor of y and 4.
4
Let a(f) = -f + 80. Let l be a(0). Let r be -42 + (-4)/(6/(-3)). Let g = r + l. What is the greatest common factor of g and 8?
8
Let g = -35 - -59. Suppose -12 = -q + g. What is the highest common divisor of 54 and q?
18
Let o = -11 + 3. Let l be 12 + 0 - (-8)/o. Suppose 0 = -4*z - z + 605. What is the greatest common divisor of z and l?
11
Suppose 0 = -0*l + 4*l - 60. Calculate the greatest common factor of l and 135.
15
Let z(m) = m**2 - 5*m - 4. Let g be z(6). Let c = -48 - -66. Calculate the greatest common factor of g and c.
2
Suppose 5*l + r - 139 = 667, -3*l + 480 = -3*r. Suppose -4*n + l - 41 = 0. Calculate the highest common divisor of n and 10.
10
Let a(g) = -6 - 6*g + 4*g + g**2 + 3*g. Let y be a(5). What is the greatest common divisor of y and 60?
12
Let f(q) = 2*q**2 + 4*q + 16. Let o be f(-4). Calculate the highest common divisor of o and 8.
8
Suppose -5*r + 85 = -2*m, m + 5*r - 2*r = -37. Let o = m + 64. Let q = -309 - -525. What is the greatest common divisor of q and o?
24
Let u be 18/(-2)*-9*1. Suppose 3*s - 3 - 9 = 0. Let h be s/(-3)*-6 - -1. Calculate the highest common divisor of u and h.
9
Suppose -11*u = -7*u - 20. What is the greatest common factor of 2 and u?
1
Let f be (-6)/(-3*6/243). Suppose -5*g - 52 = b + f, 3*b - 33 = g. Let s be -1*(g + 1 + 2). Calculate the greatest common factor of 36 and s.
12
Suppose 0 = -2*v + 4*y + 356, 5*v - y - 233 - 621 = 0. Calculate the highest common factor of 34 and v.
34
Let d = 5 - 2. Let j be (-260)/(-6)*18/12. Let r = j + -32. Calculate the highest common divisor of r and d.
3
Let p(r) = r**3 + 5*r**2 - 15*r - 2. Let l be p(-7). What is the greatest common factor of l and 3?
1
Suppose -2 = 5*f - 4*f. Let v be (4 + -10)*f/6. Suppose -c = v*c - 36. What is the greatest common divisor of c and 12?
12
Let r(a) = a - 5. Let f be r(4). Let s be 0*(f - 3/(-2)). Suppose s = u - 2 - 0. Calculate the highest common factor of u and 1.
1
Let r be (-2)/(-6) - 5038/(-33). Calculate the greatest common divisor of r and 17.
17
Let l = 56 + 16. Calculate the highest common divisor of l and 8.
8
Suppose -c + h = -18, -2*c - 3*h + 36 = -6*h. Calculate the highest common factor of c and 36.
18
Suppose -5*i - 3*h - 55 = 0, i - 3*h + 25 = -4*i. Let k = -3 - i. Calculate the greatest common factor of 40 and k.
5
Let x(k) = -38*k. Let p be x(-1). Suppose 0 = -4*t + 6 + p. What is the highest common factor